culate the highest common divisor of u and i.
5
Suppose 20*f - 3*f = 55709. Calculate the highest common divisor of f and 29.
29
Let y be 3 - (5 + 2)*(-4)/(-14) - -44. What is the highest common factor of 12105 and y?
45
Let h = 36 - 35. Let p be (-41)/(h + 28/(-32)). Let t = 517 + p. What is the greatest common factor of t and 21?
21
Suppose h - 5 = 0, l + l + 15 = 5*h. Let a be (l - (1 - -1)) + 1. Suppose 22*v = 26*v - 208. Calculate the highest common divisor of a and v.
4
Suppose 5*b = 3*j + 137, -5 = -4*b - b. Let s = j + 105. Let y = -31 + s. Calculate the highest common factor of 120 and y.
30
Let b = 98 + -30. Suppose -5*g + 2*s = -352, -3*g + 146 = -4*s - b. What is the greatest common factor of g and 28?
14
Suppose -11*r + 16*r = -170. Let c be (-94)/1*(-51)/r. Let g = 200 - c. What is the greatest common divisor of 31 and g?
31
Suppose -3*w - w = -232. Suppose 871*r = 96*r + 1550. Calculate the highest common factor of w and r.
2
Suppose 2*m - 6373 = v + 1947, 8 = -2*v. Calculate the greatest common divisor of 44 and m.
22
Suppose -2*s + 72*c - 77*c = -43, 0 = s + 5*c - 29. Calculate the highest common factor of s and 574.
14
Let x be ((-396)/54)/(2/(-99)). Calculate the greatest common divisor of 99 and x.
33
Let b(f) = -129*f - 1974. Let r be b(-16). What is the highest common factor of r and 4650?
30
Let r(w) = 7*w - 41. Let q be r(8). Suppose q + 69 = j. What is the highest common divisor of 36 and j?
12
Let h(w) = 91*w**2 - 288*w - 873. Let r be h(-3). What is the greatest common divisor of r and 120?
30
Suppose -5*g + 4*s - 1 - 6 = 0, -16 = -4*g - 4*s. Let m be -1*(8 + g)*1. Let q = m + 29. Calculate the greatest common factor of q and 60.
20
Suppose 23*y - 19*y = 928. Let i = y - 172. What is the highest common factor of 24 and i?
12
Let u be (-21)/28 + 10062/104. Calculate the greatest common factor of u and 17328.
48
Let g = -2701 + 2751. Calculate the greatest common divisor of g and 2.
2
Suppose 26806*p = 26815*p - 540. Calculate the highest common divisor of p and 23910.
30
Let g be 8576/22 - 13/(2860/(-40)). What is the highest common divisor of g and 429?
39
Let p = 217 - 140. Let d be (5/3)/(15/63). What is the greatest common divisor of p and d?
7
Let l be (-3)/9 - 3/(-9). Let b be (3 - (5 - l)) + 32. Suppose -27*p = -b*p + 99. Calculate the greatest common factor of p and 132.
33
Let f = 631 + -629. Suppose -7*r + f*r = -175. What is the highest common divisor of r and 77?
7
Suppose 4*a - 688 = -4*h, 683*a = 684*a - h - 170. Suppose 0 = -0*g - 3*g - 3*m + 42, -3*m + 51 = 4*g. Calculate the greatest common factor of a and g.
9
Suppose 3*q + 2*q + 2*l - 146 = 0, 5*q - 2*l = 154. Suppose 3*u - 8*u = -q. What is the greatest common factor of u and 3?
3
Suppose 0 = 2*v + 6*i, 4*v + 2*i - 70 = 4*i. Calculate the highest common factor of 60 and v.
15
Let k(y) be the first derivative of -y**2/2 + 18*y - 10. Let s be k(13). Let j = s + 14. What is the greatest common factor of 171 and j?
19
Suppose 4*s - 198 = 2*w, -2*s - 197 = -6*s + 3*w. Suppose 2*z + z = 15. What is the highest common factor of z and s?
5
Let w(z) = -5*z**2 - 27*z + 8. Let a be w(-6). Let m be -2*(-5)/a + -4. Let l(i) = -31*i - 1. Let y be l(m). What is the highest common factor of y and 14?
14
Let c(a) = -a - 1. Let u(i) = -7*i + 6. Let q(b) = -6*c(b) + u(b). Let w be q(6). Suppose -2*v + w*v = 12. What is the highest common divisor of v and 18?
3
Suppose 0 = -9*y - 916 + 5722. Suppose 0 = -9*d - y + 1821. Calculate the highest common factor of 11 and d.
11
Suppose 24*q - q + 920 = 0. Let o be -20*(2/q + (-30)/40). Calculate the highest common factor of o and 56.
8
Suppose 0 = -3*x + l - 377 + 1047, -l = -2*x + 448. Suppose 2*f - 3*f - 114 = 0. Let o = -77 - f. Calculate the highest common factor of x and o.
37
Let h = -11 - -7. Let t(o) = -232*o - 40. Let v(n) = -11*n - 2. Let y(z) = -3*t(z) + 64*v(z). Let i be y(h). What is the greatest common factor of 120 and i?
24
Let v(a) = -a**3 - 7*a**2 + 6*a - 22. Let q be v(-9). Let w = 114 - q. Let m = 148 - 36. Calculate the highest common divisor of m and w.
28
Suppose 2*s - 11 = 5. Let f be 2643*s/24 - -1. Calculate the greatest common factor of 18 and f.
18
Suppose -4*z - 1529 = -3*q, 0 = 5*q + 274*z - 278*z - 2551. What is the highest common factor of q and 4453?
73
Let t(d) = d**2 - 8*d - 16. Let c be t(10). Suppose -3*r = c*x - 151, 3*r + 3*x = 95 + 61. What is the highest common divisor of 3 and r?
3
Let l = 11 - -227. Let s = 54359 - 54345. What is the greatest common divisor of l and s?
14
Suppose -26*x + 24*x = -3*d + 278, 0 = 3*d - 5*x - 290. What is the greatest common factor of d and 930?
30
Suppose 958 - 2481 = -v + 17*s, -2*v = -s - 3244. Calculate the highest common factor of v and 52.
13
Let k(m) = -m**2 + 14*m + 49. Let w be k(17). Let a be (-42)/4*42/(w + -5). What is the highest common divisor of a and 441?
63
Let v(h) = 254*h + 1873. Let j be v(-7). What is the greatest common factor of 1007 and j?
19
Suppose -4*j - 8 = 2*w, 0*j - 4*w - 16 = j. Suppose j = k + 7 - 43. Suppose -4*d + k = -d. What is the greatest common divisor of 60 and d?
12
Suppose 0 = 5*s + 4*s - 18. Suppose s*p = -3*p + 495. What is the greatest common divisor of 22 and p?
11
Suppose 4*y - 9 = 3*f, 0 = 5*f - 3*y + 4*y + 15. Let g be 1620/(-120)*4/f. Let o = 432 - 270. Calculate the highest common factor of o and g.
18
Suppose 8*l + 2662 = 9*l + 10*l. What is the highest common factor of l and 44?
22
Suppose 4*y - 10 = -2. Suppose 0 = x - y, x = 3*h - 2*h - 10. Calculate the greatest common divisor of 36 and h.
12
Let k = 1246 - 910. Calculate the highest common factor of 35 and k.
7
Suppose -5 - 1 = -3*g, 5*g - 678 = 4*q. Let u = q - -174. Let k be ((-98)/(-8))/(2/8). What is the highest common divisor of k and u?
7
Let g(z) = 174*z**3 + 2*z**2 + 14*z - 33. Let h be g(3). What is the highest common divisor of 54 and h?
27
Let s = 34 + -15. Suppose -5*b - a + s = 0, 4*b + 2*a + a = 13. Let k be 3/(0 - -3)*b. What is the highest common divisor of 6 and k?
2
Let v(h) = -3*h + 77. Let j be v(20). Let k(l) = 3*l**2 - 46*l - 22. Let c be k(j). Calculate the highest common factor of c and 1071.
63
Let n = 150 - -7. Let x = -262 + n. Let a be (-6)/9*x/14. What is the greatest common divisor of 25 and a?
5
Suppose 139*a - 137*a = t - 99, 5*t - 555 = -2*a. Calculate the highest common factor of t and 9701.
109
Let s be (-1 + 7)*(-8476)/(-489). Calculate the highest common divisor of 1300 and s.
52
Suppose 4*l = -2*h + 176, 4*l = -l + 2*h + 229. Suppose 149*w - l = 144*w. What is the greatest common divisor of 81 and w?
9
Let d = -8476 + 8479. What is the greatest common factor of d and 2913?
3
Let m be (-1 - 4)/(321/(-642)). What is the greatest common divisor of m and 8745?
5
Let g = 76 - 28. Let v(z) = -2*z**3 - z**2 + 47*z + 138. Let l be v(-5). Calculate the highest common factor of l and g.
16
Suppose -p - 95 = -4*w - 271, -p - 5*w + 158 = 0. Let o = 6 + -2. Let j be o/14 + 290/14. What is the highest common factor of p and j?
21
Let d = 170 + -170. Suppose -18*f + 2159 + 9721 = d. Calculate the highest common factor of 60 and f.
60
Let y(v) = v**2 + 6*v + 49. Let f be y(-15). Let b = -240 - -248. What is the greatest common divisor of b and f?
8
Let m = -95 - -138. Suppose -m = q - 3. Let o be (-2)/4 + (-2900)/q. Calculate the highest common factor of 8 and o.
8
Suppose -99*v + 11970 = 90. What is the highest common divisor of 2130 and v?
30
Let c(v) be the third derivative of -v**6/120 + 7*v**5/10 + v**4/12 + 35*v**3/3 - 116*v**2. Let m be c(42). Calculate the greatest common divisor of m and 14.
14
Suppose -861 = -j - 253. Let f = 16 - 16. Suppose f = -8*b + 12*b - j. What is the greatest common factor of 38 and b?
38
Suppose 67*a = 72*a - 5. Let x(r) = 8*r**3 + r - 1. Let t be x(a). Let w = 218 + -217. Calculate the greatest common factor of w and t.
1
Let b = 11 - -9. Suppose -28*p + 16 = -b*p. Suppose 4*r - 5 = 3*h, -p*r + 3*h - 2 = -3. What is the highest common factor of r and 8?
2
Suppose -438 = -13*v + 17. Calculate the highest common factor of v and 938.
7
Let s be (-4)/(-32) + (-264)/64. Let j be (2 - (-2 - -1)*s) + 2. Suppose j = 5*r - 34 + 9. What is the highest common divisor of r and 45?
5
Let z be -3 +